rime factors of n(d).
5
Let j = 228 + -134. Suppose -j = 2*n - 332. List the prime factors of n.
7, 17
Let s = -11 - -9. Let c = -5 + -49. List the prime factors of 0 - (s - -5) - c.
3, 17
Suppose 30 = 5*o - 20. Suppose s + s = -o. Let f = s - -13. List the prime factors of f.
2
Suppose -4*z = -3*a - 1332, -3*z + 1700 = 2*z + 5*a. List the prime factors of z.
2, 3, 7
Let y(q) = 11*q - 13 - 17 + 16*q - 17. What are the prime factors of y(9)?
2, 7
Suppose -r + 5 = 3. Suppose 3 - r = 2*w - x, 0 = -5*w + 5*x. List the prime factors of -44*(3/(-4))/w.
3, 11
Let f = -72 - -77. Suppose 3*j - 672 = -f*j. What are the prime factors of j?
2, 3, 7
Let b = -104 - -94. What are the prime factors of (12/b)/(10/(-1200))?
2, 3
Let g(z) = -11*z - 10. Let u be g(0). Suppose -4*v = -x - 44, 2*x + 68 + 0 = 3*v. Let b = u - x. List the prime factors of b.
2, 3
Let c(b) = -11*b + 2. Let k be ((-9)/(-6))/(2/(-8)). What are the prime factors of c(k)?
2, 17
Suppose -3*n - 3*d + 219 + 705 = 0, 0 = -3*n + 3*d + 912. List the prime factors of n.
2, 3, 17
Let r(q) = q**3 - 2*q**2 - 4. Let j be r(3). Suppose -j = 4*m + m. Let p = m + 15. What are the prime factors of p?
2, 7
Let s(w) be the third derivative of -w**6/120 - w**5/60 - w**4/12 - 2*w**3/3 - 18*w**2. List the prime factors of s(-4).
2, 13
Let u(p) be the second derivative of p**4/4 - 7*p**3/6 - 3*p**2/2 - 15*p. What are the prime factors of u(6)?
3, 7
Suppose 35*f - 24752 = 27*f. List the prime factors of f.
2, 7, 13, 17
Suppose -5*v = 3*w + 62, 4*v - 4 + 20 = 0. Let d be (-36)/21 + 4/w. What are the prime factors of 48/d*27/(-36)?
2, 3
Let m = -39 + 208. Suppose -2*x - m = -g + 103, -4*g + x = -1109. List the prime factors of g.
2, 139
Let b = -306 - -1239. List the prime factors of b.
3, 311
Let z be ((-10)/(-30))/((-1)/(-36)). Suppose z = -5*j + 172. What are the prime factors of j?
2
Suppose 177 + 422 = x. What are the prime factors of x?
599
List the prime factors of ((-75)/4)/(1 + 901/(-884)).
3, 5, 13
List the prime factors of ((-34)/2*5)/(1 + -2).
5, 17
Let s = 1 + -16. Let p be s/(-35) - 33/(-21). Suppose 0 = -4*l + 4*n + 24, p*l = 3*n + 7 + 1. List the prime factors of l.
2, 5
Suppose -5*j - 657 = -4*z - 5863, 0 = -5*j + 2*z + 5198. List the prime factors of j.
2, 3, 173
Let y(g) = g + 14. Let c(r) = -3*r - 2. Let w be c(3). Let j be y(w). Suppose 61 = 4*v - j. What are the prime factors of v?
2
Let v = 0 - -2. Suppose 8 + v = 5*o. Suppose 0 = -0*l - 4*l + 3*u + 128, o*l + 5*u = 64. What are the prime factors of l?
2
Suppose -799 = 4*t - 6035. What are the prime factors of t?
7, 11, 17
Let x = 4608 + -3045. What are the prime factors of x?
3, 521
Let r be 10/35 - (-340)/(-14). Let q = -21 - r. What are the prime factors of q?
3
Let g(q) = 43*q + 157. List the prime factors of g(18).
7, 19
Let q = 3633 + 699. What are the prime factors of q?
2, 3, 19
Let u(n) = -111*n + 224. List the prime factors of u(-34).
2, 1999
Let s = -352 - -1148. List the prime factors of s.
2, 199
Let m(j) = 2*j**2 - 2*j - 4. Let d be m(-2). Let n(s) = 2*s**2 + s + 7. List the prime factors of n(d).
11, 13
Suppose -14*b = -28*b + 39494. What are the prime factors of b?
7, 13, 31
Let d(z) = z + 12. Let r be d(-9). Suppose 0*x = -5*a + x + 184, r*x = -12. List the prime factors of a.
2, 3
Suppose r = 4*a - 188, 4*r + 3*a = -279 - 454. Let o = 378 + r. List the prime factors of o.
2, 97
Let q = -23 - -19. What are the prime factors of q*4/8 + 42?
2, 5
Suppose -945 = -2*p - 4*x + 589, 3883 = 5*p - 2*x. List the prime factors of p.
5, 31
Let c = 657 + -152. List the prime factors of c.
5, 101
Suppose -10*p - 49*p = -22774. List the prime factors of p.
2, 193
Let s = -1504 - -2402. List the prime factors of s.
2, 449
Suppose 4*u - 1240 = -5*n, -n = -4*u + 185 + 1055. List the prime factors of u.
2, 5, 31
Suppose j - 6 + 7 = 0. Let u = j + 3. What are the prime factors of (3/3)/(u/6)?
3
Let g(c) = -1 + c + 15 + 4*c**2 - 6 - 10 + c**3. Let n be g(-3). Suppose z + 59 = v + v, -n*z = 3*v - 61. List the prime factors of v.
3
Suppose 279*j + 4068 = 282*j. List the prime factors of j.
2, 3, 113
Let c(k) = 3*k**2 - 1. Let i be c(-1). Suppose 4*z - i*z - 8 = 0. Suppose -2*u + w - 41 = -z*u, 0 = -5*u + w + 85. What are the prime factors of u?
2, 3
Suppose 10*u + 16 = 14*u. Let m(x) = 11*x**2 - 8*x + x**3 + 1 + 9*x - u*x**2. What are the prime factors of m(-6)?
31
Let k(z) = -4*z**3 - 30*z**2 - 153*z + 2. List the prime factors of k(-9).
5, 373
List the prime factors of (2092/8)/((-3)/(-6)).
523
Suppose -502*s + 503*s = 3908. List the prime factors of s.
2, 977
Let h = 535 - 338. List the prime factors of h.
197
Let k = -30 + 56. Let p = -10 + k. What are the prime factors of p?
2
Let n(m) = -m**2 - 10*m - 7. Let p(j) = -7*j**2 - 2*j + 1. Let q(w) = -w**2 + 7*w - 9. Let t be q(5). Let a be p(t). What are the prime factors of n(a)?
3
Let h(y) be the second derivative of -y**5/20 + y**4/2 + 5*y**3/6 + y**2 + y. Suppose 0 = 8*o - 10*o + 10. What are the prime factors of h(o)?
2, 13
Let y(t) = -5*t + 366. What are the prime factors of y(27)?
3, 7, 11
Let n = -233 - -399. Let b = 250 - n. What are the prime factors of b?
2, 3, 7
Let s(y) = 14 - 4 - 6*y + 5*y + 5*y. Let l(b) = -8*b - 5. Let u be l(-2). What are the prime factors of s(u)?
2, 3
Let o(m) = m + 5. Let f be o(6). Let y = f - 35. What are the prime factors of (160/y)/(1/(-3))?
2, 5
Suppose -16*b = -17582 + 3198. What are the prime factors of b?
29, 31
Suppose -n + 4 = 0, -s - 4*n = -247 - 59. What are the prime factors of s?
2, 5, 29
Suppose -17*d + 3*n = -20*d + 63, 5*n = 2*d - 21. List the prime factors of d.
2, 3
Suppose 5*j + 2*p = 4641, 5*p + 618 = 3*j - 2179. List the prime factors of j.
929
Let g(n) = 584*n**2 + 8*n - 2. List the prime factors of g(-1).
2, 7, 41
Let v(d) = 11*d + 46. List the prime factors of v(11).
167
Let p be 132/30 - 6/(-10). Suppose 5*l - 400 = -z, 0 = 4*l - p*z + 2*z - 339. List the prime factors of l.
3
Let q be (1/2)/(10/40). Let y be q/4 - (-12)/(-8). What are the prime factors of -46*y*4/8?
23
Let p(y) = 2*y - 9. Let c be p(6). Let s(o) = -o**2 + 16*o + 4. Let z be s(12). Suppose c*t - 7*t = -z. List the prime factors of t.
13
Let t(j) = -768*j + 123. List the prime factors of t(-4).
3, 5, 71
Let p be 2 + (3 - 4) - -106. Let g = p - 75. List the prime factors of g.
2
Let b = 72 + 436. What are the prime factors of b?
2, 127
Suppose 3*s - k = 3 + 4, 2*k = 4*s - 6. Let i be 4/(1 + (-2)/6). Suppose 0 = -s*y - i*o + 2*o + 72, -4*y + 3*o + 65 = 0. List the prime factors of y.
17
Suppose 3*r = l - 379 + 1169, 10 = 2*l. List the prime factors of r.
5, 53
Let y(j) be the first derivative of -17*j**4/4 - j**3 - j**2/2 - j + 20. What are the prime factors of y(-2)?
5
Let f be -6 + (0 - 1) - -1. Let i(r) = 5*r**2 + 2*r - 4. Let q(u) = 9*u**2 + 4*u - 7. Let d(j) = -7*i(j) + 4*q(j). What are the prime factors of d(f)?
2, 3
Suppose -8*r = -6*r - 8. Suppose -r*i - 49 = -5*i. What are the prime factors of i?
7
Let x(u) = 22*u - 2. Let f be x(1). Suppose -28 = -4*p - f. What are the prime factors of -1*(-3 - p - -1)?
2
Let i(y) = 22*y**2 - 15*y - 15. What are the prime factors of i(-4)?
397
Let r be 4868/14 + (-4)/(-14). Suppose 11*o - 7*o - r = 0. List the prime factors of o.
3, 29
Let w = 2522 - 1728. What are the prime factors of w?
2, 397
Let o(d) = -2*d**2 - 83*d + 31. List the prime factors of o(-17).
2, 3
Let i = -51 + 64. Suppose -5*r - 560 = -i*r. What are the prime factors of r?
2, 5, 7
Let z(d) = d**3 - 13*d**2 + 14*d + 12. Let h be z(11). Let g be h/(-10) - 6/10. Suppose -g*a + 25 = -2*a. List the prime factors of a.
5
Let h(w) = 903*w**3 + 3*w**2 - 3*w + 1. List the prime factors of h(1).
2, 113
Let w be 12/(-1*2)*(-980)/(-21). List the prime factors of ((-4)/(-8))/((-2)/w).
2, 5, 7
Suppose 4*y = 8*y - 392. Let q = -70 - -10. Let m = q + y. List the prime factors of m.
2, 19
Let k(t) = -23*t**2 + 2*t - 1. Let f be k(1). Let r = 57 - f. What are the prime factors of r?
79
Let k be (680/(-12))/((-4)/6). Suppose 0 = -3*o + 4*d + 188, -216 = -2*o - 3*d - k. List the prime factors of o.
2
Let p be (-15)/21 - 3/(-42)*-4. What are the prime factors of (-1 - p) + 4*1?
2
Suppose -u + w - 22 = -0, 69 = -3*u + 4*w. Let n = u - -12. Let q = n + 16. What are the prime